674?
3
What is the thousands digit of 331551899?
1
What is the millions digit of 223432319?
3
What is the hundred thousands digit of 5331249478?
2
What is the hundreds digit of 46706613?
6
What is the millions digit of 1453643?
1
What is the thousands digit of 358261838?
1
What is the ten millions digit of 83900338?
8
What is the ten thousands digit of 982576673?
7
What is the billions digit of 3017977355?
3
What is the millions digit of 106123330?
6
What is the hundred thousands digit of 39524772?
5
What is the hundred millions digit of 675270101?
6
What is the millions digit of 630291341?
0
What is the hundred thousands digit of 765451362?
4
What is the thousands digit of 849031290?
1
What is the hundreds digit of 1119867966?
9
What is the units digit of 24247189?
9
What is the thousands digit of 1024937008?
7
What is the ten millions digit of 41173798?
4
What is the hundreds digit of 20042836?
8
What is the ten thousands digit of 442129122?
2
What is the hundred thousands digit of 13435525?
4
What is the thousands digit of 1323851399?
1
What is the hundreds digit of 235144238?
2
What is the thousands digit of 81736384?
6
What is the hundred millions digit of 303797362?
3
What is the ten millions digit of 59777132?
5
What is the hundred thousands digit of 158845360?
8
What is the ten thousands digit of 40303963?
0
What is the ten millions digit of 163104697?
6
What is the hundred thousands digit of 70334382?
3
What is the ten millions digit of 46942814?
4
What is the millions digit of 758881015?
8
What is the tens digit of 308846751?
5
What is the thousands digit of 39900212?
0
What is the hundred millions digit of 763391050?
7
What is the tens digit of 631568240?
4
What is the tens digit of 23537316?
1
What is the hundred millions digit of 2808434244?
8
What is the ten thousands digit of 531253403?
5
What is the thousands digit of 69984361?
4
What is the millions digit of 96983236?
6
What is the tens digit of 199360001?
0
What is the hundred thousands digit of 138151730?
1
What is the tens digit of 522087643?
4
What is the thousands digit of 23657124?
7
What is the tens digit of 2469922691?
9
What is the hundred millions digit of 1628958330?
6
What is the hundreds digit of 1742848071?
0
What is the ten thousands digit of 93208684?
0
What is the units digit of 43274740?
0
What is the millions digit of 28035713?
8
What is the ten millions digit of 31359100?
3
What is the ten thousands digit of 174599872?
9
What is the ten thousands digit of 596241291?
4
What is the hundred thousands digit of 42090850?
0
What is the units digit of 744977277?
7
What is the hundred millions digit of 137462929?
1
What is the thousands digit of 64388397?
8
What is the ten millions digit of 1821050283?
2
What is the hundred millions digit of 611158304?
6
What is the thousands digit of 42017463?
7
What is the millions digit of 1752947002?
2
What is the thousands digit of 370732836?
2
What is the tens digit of 27971588?
8
What is the millions digit of 195831539?
5
What is the tens digit of 345588568?
6
What is the units digit of 397998471?
1
What is the hundreds digit of 531820734?
7
What is the thousands digit of 16649842?
9
What is the hundred millions digit of 6323021208?
3
What is the ten millions digit of 1370780371?
7
What is the ten millions digit of 716337434?
1
What is the ten thousands digit of 945693?
4
What is the millions digit of 114890723?
4
What is the ten thousands digit of 546919388?
1
What is the tens digit of 258607956?
5
What is the hundred thousands digit of 2191860938?
8
What is the ten thousands digit of 60870047?
7
What is the ten millions digit of 29131974?
2
What is the hundred millions digit of 1294517763?
2
What is the ten millions digit of 174369807?
7
What is the millions digit of 571740043?
1
What is the units digit of 56379107?
7
What is the ten millions digit of 355921107?
5
What is the hundreds digit of 7200410458?
4
What is the ten thousands digit of 1946060144?
6
What is the millions digit of 3391614613?
1
What is the ten thousands digit of 72453422?
5
What is the units digit of 1992225196?
6
What is the ten thousands digit of 657826610?
2
What is the hundred thousands digit of 1314602014?
6
What is the ten millions digit of 136192024?
3
What is the hundreds digit of 130149983?
9
What is the thousands digit of 837405399?
5
What is the thousands digit of 40657511?
7
What is the ten thousands digit of 1245485133?
8
What is the thousands digit of 4261262530?
2
What is the units digit of 1594137552?
2
What is the ten millions digit of 4812091828?
1
What is the millions digit of 59054882?
9
What is the hundreds digit of 17292361?
3
What is the hundred millions digit of 319750740?
3
What is the thousands digit of 2371872259?
2
What is the units digit of 127614815?
5
What is the tens digit of 1445795960?
6
What is the hundred thousands digit of 31471067?
4
What is the hundred millions digit of 130921265?
1
What is the tens digit of 6166093206?
0
What is the hundred thousands digit of 30948544?
9
What is the tens digit of 1468269?
6
What is the units digit of 25860377?
7
What is the hundreds digit of 410067734?
7
What is the millions digit of 29243743?
9
What is the ten thousands digit of 46955331?
5
What is the ten thousands digit of 787842412?
4
What is the ten thousands digit of 192079765?
7
What is the hundred thousands digit of 393959067?
9
What is the ten thousands digit of 52841766?
4
What is the hundred thousands digit of 1184274098?
2
What is the thousands digit of 45511024?
1
What is the tens digit of 61302385?
8
What is the ten thousands digit of 50107418?
0
What is the ten millions digit of 1144646950?
4
What is the units digit of 48531113?
3
What is the ten millions digit of 1708642779?
0
What is the millions digit of 146760586?
6
What is the hundred thousands digit of 4144798?
1
What is the millions digit of 2416697098?
6
What is the hundreds digit of 85935857?
8
What is the hundred thousands digit of 82539871?
5
What is the hundreds digit of 75012522?
5
What is the thousands digit of 4067022?
7
What is the thousands digit of 545816769?
6
What is the hundred thousands digit of 726254487?
2
What is the hundred millions digit of 146656038?
1
What is the units digit of 5885897808?
8
What is the hundred thousands digit of 24785641?
7
What is the tens digit of 42645895?
9
What is the tens digit of 278894185?
8
What is the units digit of 332058563?
3
What is the ten thousands digit of 779770645?
7
What is the hundred millions digit of 274435204?
2
What is the ten millions digit of 1093280700?
9
What is the ten thousands digit of 80158113?
5
What is the tens digit of 40814201?
0
What is the units digit of 4336027232?
2
What is the thousands digit of 1407603674?
3
What is the units digit of 89305978?
8
What is the ten thousands digit of 194225810?
2
What is the hundreds digit of 177080194?
1
What is the hundred thousands digit of 1314631743?
6
What is the thousands digit of 4211499?
1
What is the hundreds digit of 165926197?
1
What is the millions digit of 1980319425?
0
What is the ten millions digit of 919787664?
1
What is the millions digit of 7850546289?
0
What is the ten millions digit of 3129665587?
2
What is the ten thousands digit of 1333323936?
2
What is the hundreds digit of 291558179?
1
What is the ten millions digit of 439325224?
3
What is the ten thousands digit of 106608625?
0
What is the ten millions digit of 38291725?
3
What is the ten millions digit of 18872576?
1
What is the units digit of 2682945818?
8
What is the hundreds digit of 19773111?
1
What is the millions digit of 491198679?
1
What is the ten thousands digit of 81819687?
1
What is the millions digit of 265694585?
5
What is the billions digit of 3762285583?
3
What is the units digit of 1188077?
7
What is the hundred thousands digit of 7403535401?
5
What is the ten millions digit of 142641952?
4
What is the millions digit of 58032816?
8
What is the millions digit of 1175100839?
5
What is the billions digit of 3062259281?
3
What is the ten millions digit of 71133625?
7
What is the tens digit of 130585828?
2
What is the units digit of 1244630089?
9
What is the millions digit of 1327805943?
7
What is the millions digit of 92954134?
2
What is the hundred th